{"id":23,"date":"2023-09-02T14:56:19","date_gmt":"2023-09-02T13:56:19","guid":{"rendered":"https:\/\/methusalem.net\/?page_id=23"},"modified":"2023-09-02T19:12:32","modified_gmt":"2023-09-02T18:12:32","slug":"ueber-uns","status":"publish","type":"page","link":"https:\/\/methusalem.net\/?page_id=23","title":{"rendered":"\u00dcber uns"},"content":{"rendered":"\n<div class=\"wp-block-columns is-layout-flex wp-container-core-columns-is-layout-28f84493 wp-block-columns-is-layout-flex\">\n<div class=\"wp-block-column is-layout-flow wp-block-column-is-layout-flow\">\n<figure class=\"wp-block-image size-medium is-resized\"><img loading=\"lazy\" decoding=\"async\" src=\"https:\/\/methusalem.net\/wp-content\/uploads\/2023\/09\/20220620_214528-300x225.jpg\" alt=\"Sonnenuntergang an der Ostsee\" class=\"wp-image-24\" style=\"width:651px;height:488px\" width=\"651\" height=\"488\" srcset=\"https:\/\/methusalem.net\/wp-content\/uploads\/2023\/09\/20220620_214528-300x225.jpg 300w, https:\/\/methusalem.net\/wp-content\/uploads\/2023\/09\/20220620_214528-1024x768.jpg 1024w, https:\/\/methusalem.net\/wp-content\/uploads\/2023\/09\/20220620_214528-768x576.jpg 768w, https:\/\/methusalem.net\/wp-content\/uploads\/2023\/09\/20220620_214528-1536x1152.jpg 1536w, https:\/\/methusalem.net\/wp-content\/uploads\/2023\/09\/20220620_214528-2048x1536.jpg 2048w\" sizes=\"auto, (max-width: 651px) 100vw, 651px\" \/><\/figure>\n<\/div>\n<\/div>\n\n\n\n<p>Zwei, die irgendwie im Leben stehen und doch den neuen &#8222;Zeitgeist&#8220; nicht wirklich verstehen. Ok, verstehen schon, nur nichts damit anfangen k\u00f6nnen.<\/p>\n\n\n\n<p>Wir haben den &#8222;Osten&#8220; mitgemacht, die &#8222;Wende&#8220; erlebt und dabei festgestellt, das Wenden im Grunde nichts weiter sind als vier mal eine 90\u00b0 Kurve, egal in welche Richtung. Generation 80, 90, X, Y und jetzt Z und dabei erlebt, das mit jeder Generation das Kissen und die Halteseile f\u00fcr den Nachwuchs und deren zuk\u00fcnftiges Leben immer dicker geworden sind.<br>Und die Kissen sind mittlerweile so dick geworden, dass das jetzt, zumindest f\u00fcr uns gef\u00fchlt, jeden vern\u00fcnftigen Gedanken, jeden Anstand und auch das soziale Miteinander der Generationen unterdr\u00fcckt.<\/p>\n\n\n\n<hr class=\"wp-block-separator has-alpha-channel-opacity\"\/>\n\n\n\n<p>Dieser Blog ist also nichts anderes, als unsere Beobachtungen und Gedanken festzuhalten und mit anderen zu teilen.<br>Es mag also sein, das die geschilderten Ansichten jetzt nicht jedem gefallen, aber dann ist das halt so. F\u00fcr alle anderen: viel Spa\u00df beim Lesen.<\/p>\n\n\n\n<hr class=\"wp-block-separator has-alpha-channel-opacity\"\/>\n\n\n\n<p>Und sollte in unseren Blogs jemand Satire, Ironie und \/ oder andere in nicht in den heutigen Zeitgeist passende Meinungen finden, dann darf er \/ sie \/ es es gerne behalten. Und sollten diese Punkte ihm \/ ihr \/ ihm (f\u00fcr die, die in Grammatik aufgepasst haben) diesen Blog aus dem (digitalen) Ged\u00e4chtnis streichen oder sich auch gerne, so wie wir, daran erfreuen.<\/p>\n\n\n\n<p>Denn irgendwann kommt bei den meisten der Punkt, an dem man einfach mal seine Gedanken aussprechen muss. Und das ist nun bei uns der Fall.<\/p>\n","protected":false},"excerpt":{"rendered":"<p>Zwei, die irgendwie im Leben stehen und doch den neuen &#8222;Zeitgeist&#8220; nicht wirklich verstehen. Ok, verstehen schon, nur nichts damit anfangen k\u00f6nnen. Wir haben den &#8222;Osten&#8220; mitgemacht, die &#8222;Wende&#8220; erlebt und dabei festgestellt, das Wenden im Grunde nichts weiter sind als vier mal eine 90\u00b0 Kurve, egal in welche Richtung. Generation 80, 90, X, Y [&hellip;]<\/p>\n","protected":false},"author":1,"featured_media":0,"parent":0,"menu_order":0,"comment_status":"closed","ping_status":"closed","template":"","meta":{"footnotes":""},"class_list":["post-23","page","type-page","status-publish","hentry"],"_links":{"self":[{"href":"https:\/\/methusalem.net\/index.php?rest_route=\/wp\/v2\/pages\/23","targetHints":{"allow":["GET"]}}],"collection":[{"href":"https:\/\/methusalem.net\/index.php?rest_route=\/wp\/v2\/pages"}],"about":[{"href":"https:\/\/methusalem.net\/index.php?rest_route=\/wp\/v2\/types\/page"}],"author":[{"embeddable":true,"href":"https:\/\/methusalem.net\/index.php?rest_route=\/wp\/v2\/users\/1"}],"replies":[{"embeddable":true,"href":"https:\/\/methusalem.net\/index.php?rest_route=%2Fwp%2Fv2%2Fcomments&post=23"}],"version-history":[{"count":2,"href":"https:\/\/methusalem.net\/index.php?rest_route=\/wp\/v2\/pages\/23\/revisions"}],"predecessor-version":[{"id":28,"href":"https:\/\/methusalem.net\/index.php?rest_route=\/wp\/v2\/pages\/23\/revisions\/28"}],"wp:attachment":[{"href":"https:\/\/methusalem.net\/index.php?rest_route=%2Fwp%2Fv2%2Fmedia&parent=23"}],"curies":[{"name":"wp","href":"https:\/\/api.w.org\/{rel}","templated":true}]}}